ppose p = -3*p - 12, -3*l - p = -309. Suppose -4*m = m + 270. Let v = l + m. Calculate the greatest common factor of 5 and v.
5
Let h = -9 - -15. Suppose 16*z - 218*m + 217*m - 115 = 0, 3*z + 4*m = 76. What is the highest common factor of z and h?
2
Let m = 3487 + -3362. Calculate the highest common factor of m and 45.
5
Suppose -4*k - 170 + 2754 = 0. Calculate the highest common factor of k and 266.
38
Let g(x) be the third derivative of -x**5/30 - 7*x**4/6 + 2*x**3/3 + 16*x**2. Let p be g(-13). Calculate the greatest common divisor of 45 and p.
15
Suppose 4*u - 5*p = -2 - 1, 0 = 5*u - 2*p - 9. Let s be 211*1/u - (-10)/6. What is the highest common factor of s and 3?
3
Let t be (17/(170/450))/((-3)/(-44)). Calculate the highest common divisor of t and 99.
33
Suppose -2*w + 3056 = 2*b, -3*b - 3065 = 4*w - 7643. Calculate the greatest common factor of b and 78.
26
Suppose 4*l = -m - 14, -16*l + 15*l = 5. Let r be 141 - (15*2/m + 0). Calculate the highest common factor of r and 51.
17
Let n(p) = 20*p - 5. Let m be n(-4). Let c = -163 + 177. Let y = c - m. What is the greatest common divisor of 66 and y?
33
Suppose -1227 + 459 = -3*y + 2*j, -3*y - 4*j = -768. What is the greatest common factor of y and 13440?
128
Let f(w) = w**3 + 6*w**2 - 45*w - 16. Let u be f(8). Let y = u - 454. Calculate the highest common factor of 18 and y.
6
Suppose -2*n + 408 = 2*j + 2*j, 2*j - 5*n = 180. Suppose -176*s + 72*s + 340 + 41 = -35. What is the greatest common divisor of j and s?
4
Let k(u) = 2*u**3 + 32*u**2 - 9*u + 159. Let w be k(-16). What is the greatest common factor of w and 1313?
101
Suppose -13*h - 6992 = -29*h. Let l = 477 - h. Let i(z) = -z**3 - 7*z**2 - 8*z - 2. Let y be i(-6). Calculate the greatest common factor of l and y.
10
Let n = 32 + 43. Let a(j) = 28*j**2 - 13*j - 11. Let k be a(-1). What is the greatest common divisor of k and n?
15
Suppose -j = -4*j + 12, -7*u + 5*j + 10312 = 0. Calculate the highest common factor of u and 24.
12
Let i(b) = 28*b**3 + b**2 - 1. Let a be i(1). Suppose 7726*o - 87164 = 7160*o. Calculate the highest common factor of a and o.
14
Suppose 35*u - 28 = 42*u. Let v be u/(-36)*87 + (-8)/(-6). Suppose 4*r + 5*b = -0*r + 347, -2*r = 4*b - 172. Calculate the highest common divisor of r and v.
11
Let c = 330 - 327. Suppose 4*u + 4*a - a - 68 = 0, -3*u = -3*a - 30. Suppose -o + u = 2*o + 5*f, -o + 3*f = 0. What is the highest common factor of c and o?
3
Suppose -3*s - 3*x + 7 - 25 = 0, 4*x + 18 = 2*s. Let j be (s/(-2) - 173/(-2)) + 0. Let z = j - 73. What is the greatest common divisor of z and 14?
14
Let s be (-2)/8*-12 - -2. Suppose 5*w - 1085 = -s*j, 646 = -0*j + 3*j + 4*w. What is the greatest common divisor of j and 12?
6
Let f = -783 + 855. What is the highest common divisor of 1548 and f?
36
Let r(w) = -w**3 - 3*w**2 + 2*w - 2. Let o be r(-3). Let f be (o/3)/((-26)/1365). What is the highest common divisor of f and 35?
35
Let f = 35 - -705. Let b = f - 650. What is the greatest common divisor of b and 10?
10
Suppose 521 = 12*a - 3895. Calculate the greatest common factor of 460 and a.
92
Suppose 0 = -4*c + 16 + 24. Let k be ((-1515)/2)/((-1275)/1700). What is the greatest common factor of k and c?
10
Suppose -625*f + 630*f = q - 13440, -4*q + 53829 = 3*f. Calculate the highest common factor of 65 and q.
65
Suppose -c - d - 8626 = -43561, -69858 = -2*c + d. What is the greatest common factor of 13 and c?
13
Let m = 6478 + 1862. Calculate the greatest common divisor of 45 and m.
15
Suppose 0 = 5*s - 3*s + 3*p - 29, p = 3. Suppose 0*q = 3*q - 213. Suppose 3*w - q = -u + 3*u, -2*w + 60 = 5*u. What is the highest common divisor of w and s?
5
Suppose 0 = -8*z + 254 + 362. Suppose -z + 237 = 16*b. What is the greatest common divisor of 230 and b?
10
Let t(v) = -v**3 - 5*v**2 - 7*v - 3. Let s be t(-5). Let z = s - 14. Suppose 111*b - 105*b = 864. What is the highest common divisor of b and z?
18
Suppose 0 = -11*g + 5*g + 12. Suppose 0 = g*r + 2*z - 302, 138 = 2*r + 4*z - 162. Suppose 0 = -a + r - 32. Calculate the highest common factor of 20 and a.
20
Let h be 10696/66 - 196/3234. Suppose 3*r - 2*r - 4*o = 55, 4*o = -4*r + 140. Suppose 0 = -3*p + h - r. Calculate the greatest common factor of 164 and p.
41
Suppose q + 22 = 47 + 21. What is the highest common factor of q and 16?
2
Suppose -i + k + 195 = 0, -i - 5*k + 265 = 88. What is the greatest common factor of i and 2368?
64
Suppose -11785 = -144*p + 40919. What is the highest common factor of 66 and p?
6
Suppose 23 - 67 = -o. Let j be 3*-1*((-80)/(-10) - -143). Let x = j + 464. What is the greatest common divisor of x and o?
11
Let u be 87/(4/(-10) + 52/52). What is the greatest common divisor of 841 and u?
29
Let o(t) be the second derivative of -t**3/2 - t**2 + 9*t. Let u be o(-5). Calculate the highest common factor of 65 and u.
13
Let a(t) = 5*t**2 + 29*t + 26. Let x be a(-11). What is the greatest common divisor of x and 1144?
104
Suppose -51*u + 52*u - 39 = 0. Let a = u + -33. Suppose a = 6*s - 0*s. What is the greatest common factor of s and 1?
1
Let c be (0 - 33/(-2))*2. Let g = 12 + c. Let j be (-832)/(-176) - 3/(-11). What is the highest common factor of g and j?
5
Suppose -2*y = 3*o - 4*y - 852, -4*y = o - 298. Calculate the highest common factor of o and 1274.
26
Let d(r) = r**2 - 7*r + 37. Let k(a) = 7*a**2 - 35*a + 184. Let h(b) = -11*d(b) + 2*k(b). Let f be h(-6). What is the greatest common divisor of f and 1?
1
Let r(b) = -71. Let l(n) = n - 355. Let o(u) = 4*l(u) - 22*r(u). Let x be o(-27). What is the highest common factor of x and 1462?
34
Let k be 5461/2 + 4/10*(-1610)/1288. What is the greatest common divisor of 3570 and k?
210
Let b = -16871 - -16990. What is the highest common divisor of 56 and b?
7
Suppose -6*w = 50 - 2. Let g be 2*48/(-8)*2/w. Suppose m - 23 + 3 = -4*a, -g*a + 3*m = 0. What is the highest common divisor of 44 and a?
4
Let m = -80 - -83. Suppose -m*c + 3*n + 81 = 0, -n - 5 = 4*n. Suppose 31 = 2*p - 47. What is the greatest common divisor of p and c?
13
Let g = 2562 + -1767. Calculate the greatest common divisor of 45 and g.
15
Let f(r) = 38 - 15*r + 22*r + 56*r + 0*r**2 - 3*r**2. Let o be f(20). What is the highest common factor of o and 14?
14
Suppose 36*n - 5568 = -22*n - 0*n. What is the highest common divisor of n and 564?
12
Let t = -185 + 248. Let n be 2/(-21) - (-4416)/t. What is the greatest common divisor of n and 245?
35
Let v(w) = w**3 - 68*w**2 - 139*w + 224. Let y be v(70). Calculate the highest common divisor of 336 and y.
42
Suppose 0 = -4*r - 3*m + 30, -3*m - 2*m = -4*r + 14. Calculate the highest common divisor of 2697 and r.
3
Suppose 141*l - 157*l = -3524 - 2812. Calculate the highest common factor of 516 and l.
12
Let d(b) = b**2 + 10*b - 15. Let g be d(-12). Let j(f) = f**2 - 4*f + 7. Let w be j(g). Calculate the greatest common divisor of w and 8.
4
Let a be (-112)/(-36) + -3 + (5732/9 - -3). Calculate the greatest common factor of a and 1664.
128
Let y(u) = 76*u - 5112. Let k be y(68). Calculate the highest common factor of 2282 and k.
14
Let w(k) = 11*k + 14. Let f be w(-22). Let b = -212 - f. Let h(t) = -t**3 + 9*t**2 - 2*t - 4. Let i be h(7). What is the greatest common factor of b and i?
16
Suppose 0 + 42 = 3*o. Suppose 0 = -301*r + 837 + 4347 - 970. Calculate the highest common divisor of o and r.
14
Let x = -11628 - -12321. Calculate the highest common divisor of x and 14.
7
Suppose 0 = 5*i + 12*i - 1088. Suppose h - 24 = -3*h. Suppose 44 = h*o - i. What is the highest common divisor of 36 and o?
18
Let w = 258 - -457. What is the highest common factor of w and 195?
65
Let o = -14 - -26. Let m(j) = 29 - 11 + 6*j + 18 + 0*j. Let d be m(10). What is the highest common divisor of o and d?
12
Let k(u) = 12447*u - 11267. Let f be k(1). Let c be (-5)/((-2*1)/8). Calculate the highest common factor of f and c.
20
Let k = 5213 - 4445. What is the highest common factor of 6 and k?
6
Let z = 1939 - 1906. Let n be (1 - 0)*(1 - -8). Calculate the greatest common factor of z and n.
3
Let p be 1/(5/(-2) + 6/4). Let m(k) = -k**3 - 4*k**2 + 10*k + 9. Let i be m(-7). Let o = p + i. Calculate the highest common divisor of o and 34.
17
Let l(m) = -m**3 + 18*m**2 + 42*m - 20. Let s be l(20). What is the highest 